ided by l.
6
Suppose -2*d + 2 = -0*p - 3*p, 2*p - 2 = -2*d. Suppose 4*s - 11 = 2*f - d, 0 = 4*f - 12. Suppose 3*h + h - 44 = 0. What is the remainder when h is divided by s?
3
Let k = 22 + -8. What is the remainder when 28*-3*k/(-24) is divided by 13?
10
Let b = 48 + -31. Suppose -5*a = g - 10, 0 = g - 6*g - 2*a + 50. What is the remainder when b is divided by g?
7
Calculate the remainder when 50 is divided by 1/(5/15) + 1 + 0.
2
Suppose -4*i = -3*i. Suppose -2*f - 2 = -i. Let m = 2 + f. Calculate the remainder when 1 is divided by m.
0
Suppose -9*k + 3 = -8*k. What is the remainder when k is divided by 2?
1
Let p be (0 - -1) + -1 + 4. Suppose -c + p*c = 3. Calculate the remainder when c is divided by 1.
0
Let f(q) = -q**3 + 8*q**2 + 11*q + 3. Let y = -13 - -25. Suppose 0 = 4*i + 6*g - 3*g - 27, 4*g + y = 0. What is the remainder when f(i) is divided by 11?
10
Calculate the remainder when 62 is divided by 4/(-3) + (-522)/(-27).
8
Let d be 5 + (0 - (-2 - -3)). Suppose -d*q = 1 + 3. Let y(l) = 17*l**2 - 2*l - 1. Calculate the remainder when 35 is divided by y(q).
17
Calculate the remainder when 36 is divided by ((-20)/(-3))/((8/3)/4).
6
Let u(s) = 5*s - 1. Suppose -p + 8 = p. What is the remainder when 36 is divided by u(p)?
17
What is the remainder when (-12)/1*(-105)/28 is divided by 17?
11
Suppose 4*y - 2*y - 37 = -3*x, 3*x - 4*y - 61 = 0. What is the remainder when x is divided by (-4)/6 - (-87)/9?
6
What is the remainder when 89 is divided by 35 + (-3)/(6/4)*2?
27
Let j = -7 + 10. Suppose -k + 13 = -3*o - 4, -3*k + j*o + 21 = 0. What is the remainder when 3 is divided by k?
1
Let x(s) = -s + 17. What is the remainder when x(8) is divided by 5?
4
Let y(j) = j**2 + 4*j + 2. Let v = 43 - 31. What is the remainder when y(5) is divided by v?
11
Let m(r) = r**3 - 4*r**2 + 2*r. Let i = 12 - 7. What is the remainder when m(i) is divided by 18?
17
Let j be 2 + (-2 - -1 - -1). Suppose j*l + m = l - 1, 1 = -5*l - 4*m. Calculate the remainder when (-2)/(-2 - 9/(-6)) is divided by l.
1
Let r = -26 + 36. Calculate the remainder when 1914/(-44)*(-2)/3 - 2 is divided by r.
7
Suppose -6*d = -d - 30. Calculate the remainder when 41 is divided by 2/3 + 62/d.
8
Suppose -3*c + 207 - 3 = 0. Calculate the remainder when 134 is divided by c.
66
Let u(j) = -j**3 + 6*j**2 + 4*j - 2. Let c be u(6). Let h = c - 12. Calculate the remainder when h is divided by 6.
4
Suppose 7*j - 31 = 6*j. What is the remainder when j is divided by 17?
14
Suppose 2*t - h - 43 = 102, 5*t = -h + 366. What is the remainder when t is divided by 19?
16
Suppose -3*q = -18 - 12. Let c = -2 - -21. Calculate the remainder when c is divided by q.
9
Suppose -15 = 5*y + 5*o, 4*y = -5*o - 15 - 0. Suppose -n = -y*n - 2. Suppose -69 = -n*m + 79. What is the remainder when m is divided by 25?
24
Suppose -2*a + 3*p = a - 24, -2*a + 4*p = -24. Suppose -k + 210 = a*k. What is the remainder when k is divided by 22?
20
Suppose 0 = -5*k - 10 + 105. Let d = 51 - k. Let b(v) = v**2 + 1. Calculate the remainder when d is divided by b(4).
15
Let p = -25 + 4. Let f = 5 - p. What is the remainder when f is divided by 14?
12
Let c(r) = -r**3 + 7*r**2 + 4*r - 9. Let y be c(7). Suppose 2*k - k + y = -h, -5*k - 55 = -5*h. Let v = -10 - k. Calculate the remainder when 9 is divided by v.
4
Let z = 3 + 21. What is the remainder when z is divided by 13?
11
Let b = -3 - -14. Let w(d) = 12*d**2 - 2 + 6 - 17 - 10*d - d**3 + 3. What is the remainder when 1 is divided by w(b)?
0
Suppose -3*c + 9 + 0 = 0. Suppose q + 20 = 5*p, c*q + 40 = 7*q + 4*p. Suppose -3*x - 2*x + 35 = 0. Calculate the remainder when x is divided by q.
2
Suppose -4*u + 13 = -11. Let b = 28 + -18. What is the remainder when b is divided by u?
4
Let n = 19 + 11. Let x be 22/11 + 0/2. Suppose n = 4*i - i + 3*d, -x*d = 5*i - 35. Calculate the remainder when i is divided by 4.
1
Let v(a) = -8*a + 215. Calculate the remainder when v(0) is divided by 44.
39
Let c(f) = -4*f - 5*f + 6*f. Let v be c(-2). What is the remainder when 53 is divided by 3*v - -1 - 1?
17
Let y(w) = -25*w + 1. Suppose 0 = -0*f - 3*f + 6. Suppose -4*c + 5 = -4*j + 33, f*j - 3*c = 12. Calculate the remainder when y(-1) is divided by j.
8
Let b(j) = 0 - j**3 - j**2 + j + 0. Let x be b(-2). Calculate the remainder when 4 is divided by 1 + 0/(-2) + x.
1
Suppose 5*t + 4*b - 540 = 0, -2*t + 0*b - b + 213 = 0. What is the remainder when t is divided by 36?
32
Let p = 1 - 0. Calculate the remainder when 49 is divided by 11 + 3 - (0 + p).
10
Suppose -w - 3*w + 60 = 0. Let z = -5 + w. What is the remainder when z is divided by 3?
1
Let w be 6/(110/52 - 2). Suppose 5*k - 4*d = 2*k + w, 0 = 5*k + 2*d - 104. Calculate the remainder when 38 is divided by k.
18
Suppose 8 = -3*d + 173. Suppose 2*p - o = 61, -3*p + 17*o = 12*o - 102. What is the remainder when d is divided by p?
26
Let n(a) = -2*a - 6. Let w be n(-4). Let d(f) = 5*f**3 - 3*f**2. Calculate the remainder when d(w) is divided by (-63)/(-6) + (-5)/10.
8
Let d(m) = 6*m + 8. Calculate the remainder when d(14) is divided by 19.
16
Suppose 0*y = 4*z - 3*y - 69, 0 = 3*z - 4*y - 57. Suppose 3*p - 430 = 3*f - 73, -240 = -2*p + 3*f. What is the remainder when 2*(p/6 - -2) is divided by z?
13
Let w(y) = -2*y**3 - 3*y**2 - 6*y - 7. What is the remainder when w(-3) is divided by 20?
18
Let x(t) = t**3 - 5*t**2 + 5*t - 6. Let v = -10 + 20. Calculate the remainder when x(5) is divided by v.
9
Let m = 61 - 17. Calculate the remainder when m is divided by 15.
14
Let d(f) = f**2 + 7*f - 12. Suppose q = -0*q + 34. What is the remainder when q is divided by d(-10)?
16
Let b = 21 - 15. Let i be b/(-15) + (-137)/(-5). Let m = 46 - i. What is the remainder when 36 is divided by m?
17
Let r(h) = -h + 7. Suppose -4 = -2*c + 2*j, -3*c + 26 = 3*j + 2. Calculate the remainder when c is divided by r(5).
1
Suppose 0 = -2*f + 3*v + 27, 3*f + v + 2*v = 78. Calculate the remainder when 103 is divided by f.
19
Let r = 111 + -70. Let n(c) = -c + 35. Let t be n(0). Let q = t + -14. What is the remainder when r is divided by q?
20
Let t(a) = 3*a + 7. Suppose -u - 6 = -0*u. Let f be 2/u*(-6 + -15). What is the remainder when t(f) is divided by 15?
13
Suppose 5*y - 4*d - 788 = 0, 3*y = 4*y + 4*d - 148. What is the remainder when y is divided by 32?
28
Let y(h) = 9*h**2 + 14*h - 2. Calculate the remainder when y(4) is divided by 25.
23
Suppose -4*n + n + 60 = 0. Calculate the remainder when 2/4 + 75/2 is divided by n.
18
Suppose 121 = 2*l + 3*w, 183 = 3*l - 2*w + 7*w. What is the remainder when l is divided by 19?
18
Suppose -4 = -z - 1. Suppose 0 = 4*r - i - 55, -r + z*i + 67 = 4*r. Suppose -5*j = -2*j - 81. Calculate the remainder when j is divided by r.
13
Suppose 8 = 5*k - k. Suppose 39 = 2*c - 3*h, 1 + 20 = c - 3*h. Calculate the remainder when (c/8)/(9/24) is divided by k.
0
Let k(x) be the first derivative of -x**3/3 - 8*x**2 - 7*x - 9. What is the remainder when 22 is divided by k(-15)?
6
Suppose -4*q + 4*h = -48, 6*q - 28 = 3*q - h. Let d = q + -5. Calculate the remainder when d is divided by 3.
2
Let t be (2/8)/((-5)/(-860)). Suppose 4*d - 3*d - t = 0. What is the remainder when d is divided by 11?
10
Suppose -3*w = -4*w - 2, 2*v - 3*w = -82. Let d = v + 102. What is the remainder when d is divided by (-196)/(-10) - (-4)/10?
18
Suppose 4*d = 1 + 15. Suppose 0 = 4*s, -8*k - 4*s + 156 = -d*k. Calculate the remainder when k is divided by 14.
11
Let q(n) = 4*n - 7. Calculate the remainder when 42 is divided by q(4).
6
Let j be (-192)/14 + (-6)/21. Let w be (-2)/7 - (-122)/j. What is the remainder when 25 is divided by (-6)/w - (-37)/3?
12
Let a be 31/2 - 1/(-2). Let p = 2 + 1. Calculate the remainder when (a/20)/((-1)/(-10)) is divided by p.
2
Let t = 15 + 30. Calculate the remainder when t is divided by 16.
13
Suppose z + 95 = 6*z. Let u = 15 - -40. Calculate the remainder when u is divided by z.
17
Let k = -232 - -359. Calculate the remainder when k is divided by 32.
31
Let a(z) = 7*z + 7. Calculate the remainder when a(3) is divided by 10.
8
Suppose 5*d - 310 = 5*f, -382 = -5*d - f - 66. Calculate the remainder when 188 is divided by d.
62
Let j(c) be the second derivative of 7*c**3/2 + c**2 - 11*c. What is the remainder when j(1) is divided by 12?
11
Suppose 4*h = 0, 